 30041741
List the prime factors of 1020299.
7, 145757
What are the prime factors of 1349589970?
2, 5, 10303, 13099
What are the prime factors of 8469743?
179, 47317
List the prime factors of 174640759.
43, 71, 57203
List the prime factors of 32984133.
3, 7, 13, 19, 6359
List the prime factors of 2120900889.
3, 127, 5566669
List the prime factors of 1017796923.
3, 11, 13, 127, 479
List the prime factors of 2821585726.
2, 1410792863
What are the prime factors of 47813590?
2, 5, 11, 593, 733
What are the prime factors of 1064872168?
2, 293, 454297
List the prime factors of 444356145.
3, 5, 397, 8291
What are the prime factors of 284404353?
3, 457, 207443
List the prime factors of 499313476.
2, 1601, 77969
List the prime factors of 822510475.
5, 19, 23, 79, 953
What are the prime factors of 7838948?
2, 13, 127, 1187
List the prime factors of 22939194.
2, 3, 19, 31, 6491
List the prime factors of 1204445.
5, 11, 61, 359
What are the prime factors of 1205162353?
1489, 809377
What are the prime factors of 74133257?
11, 6739387
What are the prime factors of 126726809?
11, 179, 5851
What are the prime factors of 16998398?
2, 223, 38113
List the prime factors of 529459775.
5, 13, 1629107
What are the prime factors of 4645301?
17, 273253
What are the prime factors of 8070760?
2, 5, 201769
What are the prime factors of 2747263835?
5, 17, 41, 241, 3271
List the prime factors of 44815227.
3, 2833, 5273
List the prime factors of 5415218713.
727, 7448719
What are the prime factors of 325559817?
3, 11, 59, 563
What are the prime factors of 634356674?
2, 7, 41, 109, 10139
What are the prime factors of 649711166?
2, 13, 43, 581137
List the prime factors of 2261333473.
7, 167, 1934417
List the prime factors of 4667773425.
3, 5, 7, 8890997
List the prime factors of 20604533.
113, 182341
What are the prime factors of 319756410?
2, 3, 5, 181, 727
List the prime factors of 8237838311.
8237838311
What are the prime factors of 11564451?
3, 142771
What are the prime factors of 128985682?
2, 7, 59, 156157
What are the prime factors of 312997145?
5, 29, 2158601
What are the prime factors of 7048595?
5, 29, 48611
List the prime factors of 782380621.
11, 811, 87701
What are the prime factors of 113421926?
2, 17, 107, 31177
List the prime factors of 5011252441.
13, 385480957
List the prime factors of 1886390299.
73, 191, 193, 701
What are the prime factors of 4735298356?
2, 53, 877, 25469
List the prime factors of 640261545.
3, 5, 7, 11, 491, 1129
What are the prime factors of 66849697?
66849697
List the prime factors of 370612587.
3, 123537529
What are the prime factors of 284794872?
2, 3, 743, 15971
List the prime factors of 1236078304.
2, 38627447
List the prime factors of 2174974052.
2, 10903, 49871
List the prime factors of 332134707.
3, 110711569
What are the prime factors of 1536773723?
433, 3549131
What are the prime factors of 7944718265?
5, 11, 401, 360223
What are the prime factors of 189595004?
2, 191, 248161
List the prime factors of 5574837611.
7, 103, 7732091
What are the prime factors of 199803391?
199803391
What are the prime factors of 7420546173?
3, 4723, 523717
List the prime factors of 2622424308.
2, 3, 7, 19, 1643123
What are the prime factors of 216210709?
11, 13, 17, 19, 31, 151
What are the prime factors of 22448873?
3271, 6863
List the prime factors of 2873196265.
5, 17, 2707, 12487
List the prime factors of 143150754.
2, 3, 23858459
List the prime factors of 141862652.
2, 73, 485831
List the prime factors of 635533139.
31, 20501069
List the prime factors of 337964690.
2, 5, 7, 4828067
List the prime factors of 31892600.
2, 5, 159463
List the prime factors of 397704961.
41, 947, 10243
What are the prime factors of 744360370?
2, 5, 13, 5725849
What are the prime factors of 1818360692?
2, 1439, 315907
List the prime factors of 214707280.
2, 5, 17, 47, 3359
List the prime factors of 155942736.
2, 3, 3248807
List the prime factors of 32041935.
3, 5, 269, 2647
What are the prime factors of 18879064?
2, 43, 54881
What are the prime factors of 804042982?
2, 17, 43, 293, 1877
What are the prime factors of 335410946?
2, 13, 857, 15053
List the prime factors of 96397955.
5, 691, 27901
What are the prime factors of 91085278?
2, 19, 2396981
What are the prime factors of 20329640?
2, 5, 383, 1327
List the prime factors of 56127640.
2, 5, 1031, 1361
List the prime factors of 254105786.
2, 11, 11550263
List the prime factors of 43059050.
2, 5, 47, 73, 251
What are the prime factors of 19823060?
2, 5, 53, 18701
What are the prime factors of 3184376134?
2, 67, 383, 62047
List the prime factors of 58953013.
7, 53, 131, 1213
List the prime factors of 1450759428.
2, 3, 40298873
What are the prime factors of 1783717685?
5, 356743537
List the prime factors of 6762361.
6762361
What are the prime factors of 5767147675?
5, 103, 239, 9371
List the prime factors of 77577873.
3, 23, 1124317
List the prime factors of 1211229075.
3, 5, 7, 2307103
List the prime factors of 2896810011.
3, 71, 4533349
List the prime factors of 349798977.
3, 11, 761, 4643
What are the prime factors of 239022679?
7, 19, 31, 57973
What are the prime factors of 43486021?
4363, 9967
What are the prime factors of 354547114?
2, 2221, 79817
What are the prime factors of 259244667?
3, 11, 2618633
List the prime factors of 766405511.
317, 2417683
What are the prime factors of 72334485?
3, 5, 535811
List the prime factors of 1327789488.
2, 3, 17, 1627193
List the prime factors of 2183381065.
5, 79, 5527547
What are the prime factors of 31964978?
2, 15982489
List the prime factors of 131821786.
2, 23, 2865691
What are the prime factors of 2551145370?
2, 3, 5, 29, 2932351
List the prime factors of 1668653437.
11, 151695767
List the prime factors of 283037933.
283037933
What are the prime factors of 163993342?
2, 53, 701, 2207
List the prime factors of 171806887.
7, 43, 73, 1117
What are the prime factors of 1646403648?
2, 3, 223, 38453
What are the prime factors of 87032073?
3, 29010691
List the prime factors of 46464236.
2, 7, 13, 127649
List the prime factors of 936027818.
2, 11, 19, 2239301
List the prime factors of 63280931.
7, 109, 197, 421
What are the prime factors of 345621443?
67, 89, 149, 389
What are the prime factors of 302582333?
71, 4261723
What are the prime factors of 3695186694?
2, 3, 6823, 90263
What are the prime factors of 1306691743?
7, 186670249
List the prime factors of 29053801.
7, 199, 20857
What are the prime factors of 303730664?
2, 37966333
List the prime factors of 78127425.
3, 5, 347233
What are the prime factors of 263004014?
2, 7, 13, 1445077
What are the prime factors of 3288231366?
2, 3, 7, 37, 2115979
List the prime factors of 12193877.
19, 241, 2663
List the prime factors of 36590695.
5, 31, 236069
What are the prime factors of 298382990?
2, 5, 607, 49157
List the prime factors of 396244459.
13, 41, 743423
List the prime factors of 300987849.
3, 100329283
What are the prime factors of 463427916?
2, 3, 7, 113, 48823
List the prime factors of 1225645828.
2, 11, 97, 211, 1361
List the prime factors of 290504187.
3, 103, 313381
List the prime factors of 44836225.
5, 7, 17, 2153
List the prime factors of 46814554.
2, 23407277
List the prime factors of 424799002.
2, 212399501
What are the prime factors of 2190801903?
3, 4463, 163627
What are the prime factors of 1733651521?
7, 247664503
What are the prime factors of 31261833?
3, 3473537
List the prime factors of 22766017.
22766017
What are the prime factors of 381444766?
2, 37, 233, 22123
What are the prime factors of 2274904131?
3, 67, 11317931
List the prime factors of 18119153.
13, 1393781
What are the prime factors of 26492921?
7, 13, 29, 10039
What are the prime factors of 441260418?
2, 3, 179, 410857
What are the prime factors of 346612318?
2, 13, 2399, 5557
List the prime factors of 153671924.
2, 7, 19, 23, 661
List the prime factors of 75675045.
3, 5, 5045003
List the prime factors of 79484407.
79484407
List the prime factors of 53451395.
5, 3019, 3541
What are the prime factors of 2500040595?
3, 5, 13, 2753, 4657
List the prime factors of 85577659.
257, 332987
What are the prime factors of 1582553537?
151, 379, 27653
List the prime factors of 171377471.
171377471
List the prime factors of 164843307.
3, 647, 28309
Lis